t of 37073883?
8
What is the ten thousands digit of 357984885?
8
What is the hundreds digit of 802027776?
7
What is the hundred thousands digit of 82658440?
6
What is the millions digit of 355522979?
5
What is the ten millions digit of 88253444?
8
What is the billions digit of 1350555061?
1
What is the hundred thousands digit of 46310287?
3
What is the millions digit of 621099515?
1
What is the ten thousands digit of 33645936?
4
What is the hundred thousands digit of 605356694?
3
What is the hundred millions digit of 296632881?
2
What is the ten millions digit of 188781270?
8
What is the thousands digit of 1408174234?
4
What is the millions digit of 1204958476?
4
What is the millions digit of 233249597?
3
What is the millions digit of 16149938?
6
What is the hundreds digit of 204930632?
6
What is the hundred thousands digit of 52494656?
4
What is the thousands digit of 4299066?
9
What is the tens digit of 16534146?
4
What is the thousands digit of 1432488061?
8
What is the hundred millions digit of 130397533?
1
What is the ten thousands digit of 32762243?
6
What is the hundreds digit of 840666?
6
What is the ten thousands digit of 46979354?
7
What is the thousands digit of 189219742?
9
What is the ten thousands digit of 1172491?
7
What is the ten millions digit of 29227454?
2
What is the millions digit of 1392118439?
2
What is the hundreds digit of 275677767?
7
What is the units digit of 524025504?
4
What is the ten millions digit of 39672358?
3
What is the tens digit of 711901245?
4
What is the tens digit of 6639464?
6
What is the ten thousands digit of 8132564?
3
What is the ten millions digit of 16886074?
1
What is the units digit of 1339835727?
7
What is the tens digit of 49255920?
2
What is the tens digit of 177209734?
3
What is the millions digit of 1579137726?
9
What is the thousands digit of 9939228?
9
What is the hundreds digit of 38467576?
5
What is the hundred millions digit of 133420637?
1
What is the tens digit of 53912351?
5
What is the tens digit of 92095060?
6
What is the hundreds digit of 6322479838?
8
What is the thousands digit of 1454102262?
2
What is the tens digit of 45278868?
6
What is the ten thousands digit of 98935?
9
What is the hundred millions digit of 224440300?
2
What is the millions digit of 1618127?
1
What is the hundreds digit of 799224737?
7
What is the tens digit of 891939442?
4
What is the hundreds digit of 403682151?
1
What is the ten millions digit of 112529091?
1
What is the ten thousands digit of 1042568331?
6
What is the hundred thousands digit of 1794632?
7
What is the hundreds digit of 83598817?
8
What is the millions digit of 180627722?
0
What is the ten thousands digit of 43601209?
0
What is the thousands digit of 1582942899?
2
What is the thousands digit of 119358243?
8
What is the ten thousands digit of 56607502?
0
What is the hundreds digit of 294357351?
3
What is the tens digit of 3221836378?
7
What is the thousands digit of 26048123?
8
What is the tens digit of 301323894?
9
What is the ten thousands digit of 430256346?
5
What is the tens digit of 2817626225?
2
What is the hundreds digit of 267891251?
2
What is the hundred millions digit of 914435075?
9
What is the units digit of 262262755?
5
What is the hundreds digit of 239506947?
9
What is the millions digit of 15552902?
5
What is the ten millions digit of 258405835?
5
What is the hundred thousands digit of 220248773?
2
What is the hundreds digit of 185356982?
9
What is the hundreds digit of 1810399225?
2
What is the hundreds digit of 2533466121?
1
What is the hundred thousands digit of 32889543?
8
What is the ten thousands digit of 958077962?
7
What is the hundred thousands digit of 2316483051?
4
What is the hundred thousands digit of 662784232?
7
What is the hundred millions digit of 845500280?
8
What is the hundreds digit of 10652620?
6
What is the ten millions digit of 2769046101?
6
What is the ten millions digit of 366527179?
6
What is the ten millions digit of 148052216?
4
What is the hundred millions digit of 945529346?
9
What is the hundred thousands digit of 15702383?
7
What is the thousands digit of 51362524?
2
What is the ten thousands digit of 641556322?
5
What is the millions digit of 129536274?
9
What is the hundred thousands digit of 278079485?
0
What is the ten thousands digit of 465571207?
7
What is the hundred thousands digit of 209553963?
5
What is the hundred thousands digit of 703407313?
4
What is the hundred thousands digit of 39636376?
6
What is the tens digit of 2449956951?
5
What is the thousands digit of 55653813?
3
What is the millions digit of 4194657833?
4
What is the hundred thousands digit of 88672248?
6
What is the ten millions digit of 18901149?
1
What is the millions digit of 119741936?
9
What is the ten millions digit of 2784170586?
8
What is the billions digit of 4797014478?
4
What is the billions digit of 1144888981?
1
What is the units digit of 1326483460?
0
What is the millions digit of 28588623?
8
What is the millions digit of 6841436594?
1
What is the tens digit of 2755956600?
0
What is the thousands digit of 2289193234?
3
What is the tens digit of 1253536842?
4
What is the millions digit of 366529833?
6
What is the units digit of 214163512?
2
What is the millions digit of 6727405312?
7
What is the ten millions digit of 979219452?
7
What is the ten millions digit of 345562685?
4
What is the hundred thousands digit of 558325165?
3
What is the ten millions digit of 31000875?
3
What is the ten thousands digit of 1761426053?
2
What is the hundreds digit of 113608965?
9
What is the tens digit of 263681512?
1
What is the hundred millions digit of 554738840?
5
What is the millions digit of 1682125141?
2
What is the tens digit of 4243573490?
9
What is the units digit of 47471561?
1
What is the thousands digit of 501443553?
3
What is the billions digit of 6102696256?
6
What is the hundred millions digit of 1043537036?
0
What is the ten millions digit of 923492639?
2
What is the hundred thousands digit of 828285?
8
What is the hundred thousands digit of 45362640?
3
What is the thousands digit of 576223?
6
What is the hundred thousands digit of 869942932?
9
What is the tens digit of 611209999?
9
What is the units digit of 88615785?
5
What is the hundred thousands digit of 415253760?
2
What is the thousands digit of 331691673?
1
What is the hundreds digit of 120391782?
7
What is the ten millions digit of 21622365?
2
What is the thousands digit of 53413938?
3
What is the millions digit of 225152886?
5
What is the ten thousands digit of 1489117326?
1
What is the units digit of 912275982?
2
What is the thousands digit of 155929956?
9
What is the ten thousands digit of 522439675?
3
What is the ten millions digit of 805906526?
0
What is the tens digit of 26208930?
3
What is the hundred thousands digit of 202275911?
2
What is the ten millions digit of 176160084?
7
What is the hundred thousands digit of 203166199?
1
What is the tens digit of 3403839297?
9
What is the hundreds digit of 3913463747?
7
What is the thousands digit of 2107379248?
9
What is the billions digit of 2601560966?
2
What is the millions digit of 286033535?
6
What is the tens digit of 6476205?
0
What is the ten millions digit of 20028077?
2
What is the ten millions digit of 359716032?
5
What is the tens digit of 52971862?
6
What is the millions digit of 349022124?
9
What is the ten thousands digit of 3563710592?
1
What is the thousands digit of 280235591?
5
What is the thousands digit of 45740573?
0
What is the hundreds digit of 284899826?
8
What is the hundreds digit of 15641578?
5
What is the hundred thousands digit of 13687158?
6
What is the ten millions digit of 57744891?
5
What is the ten millions digit of 97308385?
9
What is the ten millions digit of 32245426?
3
What is the units digit of 654436489?
9
What is the millions digit of 450540615?
0
What is the units digit of 27949139?
9
What is the hundred thousands digit of 2648682587?
6
What is the units digit of 47871962?
2
What is the hundreds digit of 111691181?
1
What is the ten thousands digit of 11061784?
6
What is the tens digit of 1902547?
4
What is the ten millions digit of 170109334?
7
What is the ten thousands digit of 1423272516?
7
What is the tens digit of 917255679?
7
What is the